3*l**2 + 63*l - 27. Let h(g) = -2*g**2 - 51*g + 22. Let f(d) = 4*h(d) + 3*q(d). Calculate f(13).
-19
Suppose -28873 = 6*p + 52*p - 28525. Let v(w) = -w + 5 + 1 + 3*w. Calculate v(p).
-6
Let x(q) = -q**3 + 2*q**2 - q + 4. Let v = -50 + 56. Let i be ((-4)/v)/(14/(-63)). Calculate x(i).
-8
Let i be 61 + (3 - (8/(-1))/(-2)). Suppose -i + 24 = -k. Suppose -2*z + 9 = 3*j, 0 = 5*z - 2*z - 3*j - k. Let g(v) = v**3 - 9*v**2 - v + 10. Calculate g(z).
1
Suppose 73*g + 65 = 270 + 87. Let t(n) be the first derivative of -3*n**2/2 + 6*n - 1. Determine t(g).
-6
Let i(v) be the first derivative of -v**4/4 + 4*v**3/3 - v**2 + 9. Let b = 5 - 2. Calculate i(b).
3
Let t(s) = -s**3 + 12*s**2 - 12*s. Let m be (-13 - 162/(-24))/((-2)/8). Suppose -4*x - 28 = -4*b, -20*x - 42 = -2*b - m*x. Give t(b).
-11
Let w(q) = q**2 - q + 1. Suppose 2*n = f - 128, -n - 4*f = -0*n + 46. Let m be ((-20)/3)/((-5)/(-45)). Let h = n - m. Give w(h).
7
Suppose -11*r - q - 55 = -9*r, 0 = 5*r + 4*q + 142. Let f(o) = -o**2 - 30*o - 1. Calculate f(r).
103
Let d(r) = 11*r - 28 + 94 + 0*r - 33*r - 11*r. Let w be d(2). Let i(v) = -v**2 + 1. Let z(u) = u**3 + 5*u**2 + u. Let y(f) = -6*i(f) - z(f). Give y(w).
-6
Let y = 4 - 1. Suppose y*m = 6 - 27. Let c(g) be the second derivative of -g**5/20 - 7*g**4/12 - g**3/3 - 9*g**2/2 + g - 1165. Determine c(m).
5
Let j(r) = -2*r**3 + r**2 + 5*r + 25. Let y be j(3). Let f(v) = v**2 + 10*v + 12. Calculate f(y).
-13
Let w(s) = s**2 + 13*s - 11. Let n(f) = f**3 - 14*f**2 - 9*f + 276. Let u be n(13). What is w(u)?
-41
Let o = -17 - -26. Let l(w) = -7*w**2 - 8*w + 5. Let t(q) = -116*q**2 - 127*q + 78. Let v(z) = -33*l(z) + 2*t(z). Give v(o).
0
Let a(z) = -z**3 - 12*z**2 - 20*z + 89. Let u be a(-6). Let n(k) = -k**3 - 7*k**2 + k + 4. Calculate n(u).
-3
Suppose 3*h - 5*a = -6, 8*a - 11*a + 9 = 0. Let s(x) = 2 + 59*x - 61*x - 3*x**2 - x**3 + 0*x**h. Let t be ((-6)/(-1))/(-9 - -7). Determine s(t).
8
Let i(y) = -4*y**2 + 11*y + 2*y**2 + 3*y**2 + 8 - 4*y. Suppose -144*u - 344 + 23 = 543. What is i(u)?
2
Let i = -4 - -14. Let y(d) = -i*d**2 - 4 - 4 + 6 + 2*d + 1. Suppose -3*f + 2*w + 1 = 0, 4*f - 6*w - 1 = -3*w. What is y(f)?
-9
Let u be (13/(-2))/((-1)/2). Suppose 3*s - 11 = -4*t + 8, 2*t + 2*s - 12 = 0. Let f(d) = t + 3 + 6*d**2 + 14*d**3 - u*d**3. Determine f(-6).
4
Let m be -46*(-1 + 3)/4 - 5. Let x(y) = -y**2 - 28*y + 28. Determine x(m).
28
Let z(f) = -f**3 + 6*f**2 + 7*f - 7. Let n be 16/((-4)/8*-4). Suppose -64 + 8 = -n*d. What is z(d)?
-7
Let b(a) = -a**2 + 3*a - 3. Let l(t) = -1882*t**2 - t**3 + 11*t + 26 + 1896*t**2 + 37. Let i be l(15). Calculate b(i).
-3
Let n(y) = -y**3 + 3*y**2 + 22*y - 74. Let c be 14/4*504/588. What is n(c)?
-8
Let i(v) = v**3 + 11*v**2 - 5. Let r be i(-11). Let s(d) be the third derivative of -d**6/120 - d**5/12 - d**4/12 - 2*d**3/3 - 2*d**2 + 1234*d. Calculate s(r).
6
Let b(o) = -o**3 - o**2 + o + 1. Let n(m) = 3*m**2 - 1 + 6*m - 2*m - 2*m**2 - 3*m. Let f be n(-1). Give b(f).
0
Let b(f) be the first derivative of f**7/60 - f**5/60 + f**4/24 + 5*f**3/3 + f**2 - 24. Let v(a) be the third derivative of b(a). What is v(1)?
13
Let s(z) be the third derivative of -z**5/60 - 7*z**4/24 + z**3 + z**2. Let l be (-2)/(-24) - (-27454)/888. Suppose 34*c + 24 = l*c. Calculate s(c).
-2
Let m(q) = -q**2 + 9*q + 2. Let s(o) = -8*o**2 + 67*o + 12. Let a(u) = 14*m(u) - 2*s(u). Calculate a(5).
14
Let t be 2/(-9)*-6 - 2/(-3). Let p be t/(-6) - -1*699/(-9). Let q = 82 + p. Let x(s) = 2*s - 6. Determine x(q).
2
Let r(k) = 2*k**2 - 7*k - 4. Let v(s) = 5*s**2 - 26*s + 40. Let a(j) = -3*r(j) + v(j). Determine a(-11).
-14
Let s(x) be the second derivative of -2*x**3 - 143*x**2 - 2882*x - 1. Give s(-23).
-10
Let x be 0*(-4 + 68/16). Suppose 2*v + 2*v - 32 = x. Let a be 14/v + -1 - 2/(-8). Let s(q) = -7*q + 1. What is s(a)?
-6
Suppose -57*n = -13*n + 44. Let b(x) = 3*x**3 - 2*x**2 + 2. Give b(n).
-3
Let t(q) = -q**2 + 11*q + 10. Let g be (4*(-6)/(-28))/((-172)/(-2408)). Give t(g).
-2
Let c(p) = -2*p + 28. Let r be 5890/14 - 6/(-63)*3. Let y = -408 + r. Calculate c(y).
2
Let d(y) = y**3 - 7*y**2 + 7*y - 1. Suppose -4*s = 7 + 9, 0 = 4*m + 4*s - 504. Suppose 127*k - m*k = -18. Give d(k).
5
Let o(r) be the third derivative of r**6/360 - 19*r**5/120 + r**4/8 + 3*r**3/2 + r**2 + 5*r. Let s(a) be the second derivative of o(a). What is s(10)?
1
Let k(t) = -t**3 - 46*t**2 - 47*t - 97. Let y = 20489 - 20534. Calculate k(y).
-7
Let t be (1 - (5 + 1))/1. Let w(c) = c**2 + 49 + 3*c - 30 - 25 + 4*c - 6*c. What is w(t)?
14
Let b(o) = 5*o**3. Let l(i) = 4*i**2 - 47*i - 45*i + 81*i + i**3 + 5. Let a be l(-6). Give b(a).
-5
Suppose 415*i - 2852 = 46*i + 3790. Let r(k) = -6*k + 109. Calculate r(i).
1
Let d be 2/6*(1 + 8). Suppose 2*t - 24 = 5*m + 5, 3*t = m + 11. Let s(o) = -20 + o**3 + 5*o + 19 - t*o - 5*o**2. Give s(d).
-10
Let o(h) = -h**2 - 101*h - 472. Let j be o(-5). Let s(l) = l**3 - 7*l**2 - 5*l - 12. Calculate s(j).
12
Suppose -153*w = -108*w + 180. Let l(n) = -n**2 + 2*n + 16. Give l(w).
-8
Suppose 1 = b - 0*b. Let y(f) = 19 + 14*f**2 - 4*f + 5*f - 3 - 17 + 19*f**2. Determine y(b).
33
Let j(l) be the second derivative of -l**5/20 + 5*l**4/12 - l**3/3 - l**2 - 203*l. Determine j(3).
10
Let f(x) = x**3 - 4*x**2 + 3*x - 1. Let t = -7453 + 7458. What is f(t)?
39
Let h(i) = -31*i - 120. Let v(t) = -6*t - 23. Let k(b) = -2*h(b) + 11*v(b). What is k(-6)?
11
Let f(b) be the second derivative of -17*b**3/6 - 61*b**2/2 - 572*b. What is f(-4)?
7
Let z(h) = 170 + 172 + 159 + h + 149 - 628. What is z(15)?
37
Let d = 98 + -36. Let v = -62 + d. Suppose v = 3*w + 8 + 13. Let o(b) = b**2 + 5*b - 9. Calculate o(w).
5
Let j(c) = 344 - 14*c + 281 - 289 + 36*c + 25*c. Determine j(-7).
7
Let d(v) = 154*v - 39*v + 1 - 36*v - 40*v - 34*v. Suppose 0 = 5*z - 15 - 0. Let a = z + -5. Give d(a).
-9
Let c(t) = -10*t**2 + 94*t - 7. Let b(y) = -y**2 - 32*y + 2. Let s(m) = -6*b(m) - 2*c(m). What is s(-1)?
24
Let x(v) = 7*v**2 - 31579 - 5*v + 31580 - 8*v**2 + 3*v. Suppose t - 5*t = 0. Determine x(t).
1
Let a(x) = -x + 3 + 5 - 1 - 1. Let p = 57840 + -57834. Calculate a(p).
0
Let i(l) = l + 10. Suppose 13*t + 91 = -52. Calculate i(t).
-1
Suppose -11*n = -9*n - 10. Suppose 5*x - 25 = 6*i - n*i, 3*i - x + 5 = 0. Let j(d) be the third derivative of -d**4/24 + 7*d**3/6 - 3*d**2. Determine j(i).
7
Let w(q) = q**3 - 3*q**2 - 6*q + 5. Let b be (-12 - 75/(-5)) + -7. What is w(b)?
-83
Let v(b) = -8*b + 8. Let h(a) = -63*a - 942. Let f be h(-15). Give v(f).
-16
Let v(m) = 3*m**2 + 16*m + 17. Let f(h) = -h**2 - 7*h - 15. Let q be f(-3). Let a be v(q). Let i(y) = -y**3 - 3*y**2 + y - 1. What is i(a)?
11
Let a(t) = -138505 + t + 69249 + 69256 + 0*t. Suppose -6*c + c - 55 = 0. What is a(c)?
-11
Suppose -q = -2*q + 2. Suppose -4*k = -5*f, -f - q - 4 = -2*k. Let o(d) be the first derivative of d**3/3 - 3*d**2/2 + 5*d + 46080. What is o(k)?
15
Let o be 4/(-10) - 204/(-60). Suppose -2*l = 4, 5*l = -o*d - 15 + 2. Let r(c) be the third derivative of -11*c**6/120 - c**5/60 - c**2. Give r(d).
10
Let t(i) = 70*i**3 + 84*i**2 + 16*i + 27. Let f(s) = s**3 + 6*s**2 + s + 2. Let c(q) = 14*f(q) - t(q). Determine c(1).
-57
Let c(z) = -z**3 - 7*z**2 + 2*z + 6. Let p be (3 + -1)/((-4)/14). Let n be c(p). Let f(b) = -7 + 321*b - 548*b + 3 - 9 + 226*b. What is f(n)?
-5
Suppose -2*p = -4*c - 12, -2*c + 6*c + 8 = 0. Let m(q) = -6*q**2 + 4*q + 1. Let z(o) = -5*o**2 + 5*o + 2. Let y(x) = 4*m(x) - 3*z(x). Give y(p).
-36
Let c be (-4 - -3 - 5) + (-120)/(-40). Let u(a) = 2*a**3 + 2*a**2 + a + 5. What is u(c)?
-34
Let r(i) = -i**2 - 27*i - 3. Let j be ((3 - 11)/16)/((-2)/(-108)). Calculate r(j).
-3
Suppose 2*p = -2*f + 804 - 812, -2*p - 8 = -4*f. Let n(d) be the third derivative of -1/2*d**3 + f + 1/30*d**5 - 16*d**2 - 5/24*d**4 + 0*d. What is n(4)?
9
Let o be -26*(-35)/(-126) + 2/9. Let i(z) = 13*z + 7. Let v(h) = 15*h + 6. Let g(p) = o*i(p) + 6*v(p). Determine g(-8).
-5
Let l(w) be the third derivative of -w**5/12 - 37*w**4/24 - 17*w**3/6 + 1772*w**2. Determine l(-7).
-3
Suppose -4*f = -g - 16, -4*g - f = -3*f + 8. Let v be ((-1)/3)/((-45)/945) + -5. Let p(o) = -3*o**v - 6 + 10*o + g*o + o**2 - 6*o. What is p(4)?
-22
Let k(z) = -11*z**3 + 13*z**2 + 20*z - 19. Let c(b) = 2*b**3 - b. Let m be 5*1*(-2 + 3). Let p(d) = m*c(d) + k(d). Determine